{"id":2586,"date":"2020-03-03T21:40:42","date_gmt":"2020-03-03T21:40:42","guid":{"rendered":"https:\/\/bauernmarkt-sg.ch\/?page_id=2586"},"modified":"2024-07-02T20:03:17","modified_gmt":"2024-07-02T20:03:17","slug":"sager-2","status":"publish","type":"page","link":"https:\/\/bauernmarkt-sg.ch\/?page_id=2586","title":{"rendered":"Sager"},"content":{"rendered":"\n<p>Wir leben am Rande Mostindiens in L\u00f6mmenschwil. Zusammen mit unserem Sohn Philipp, einer Hofladenmitarbeiterin, zwei Lernenden, und sechs saisonalen Mitarbeiter bewirtschaften wir einen vielseitigen Landwirtschaftsbetrieb. Philipp durfte die Lehre als Landwirt, sowie als Obstfachmann absolvieren und besucht zurzeit die Betriebsleiterschule. Ihm unterliegt der Betriebszweig Obstbau, welcher er mit viel Leidenschaft und Herzblut f\u00fchrt.<\/p>\n\n\n\n<figure class=\"wp-block-image\"><img decoding=\"async\" src=\"https:\/\/lh4.googleusercontent.com\/n6OV8KVxR8w_iEHCtg23NNiBGH8-jzUTeypTN4xjMHAj8VGzNoyJEC5UNMGAs28q5GafNGsifYKBqDKj8HZyKcMlgH4jUs_87RYgDOQE-LlhK8gJ5F8qzFBYUdou5GFgzWH4vVmBshzXW_PIKg\" alt=\"C:\\Users\\Benutzer01\\Documents\\Betrieb\\Markt\\IMG_0664[1].JPG\"\/><\/figure>\n\n\n\n<p>Auf dem Bauernmarkt werden wir von unseren freundlichen Markverk\u00e4uferinnen unterst\u00fctzt. Nebst Obstbau und Milchviehhaltung, Gem\u00fcse- und Beerenanbau f\u00fchren wir einen Hofladen mit einem reichhaltigen Sortiment mit hofeigenen, sowie saisonalen Produkten aus der nahen Region.<\/p>\n\n\n\n<p>Unser Hofladen ist t\u00e4glich bedient:<br>MO-FR: 7.30 &#8211; 18.30 Uhr<br>SA: 7.30 &#8211; 18.00 Uhr<\/p>\n\n\n\n<p>Jeden Freitag (April-Nov.) finden Sie uns auf dem Bauernmarkt in St.Gallen. Unser Hauslieferdienst in der Stadt St.Gallen und Umgebung haben wird stets ausgebaut. Wir liefern t\u00e4glich aus. Somit d\u00fcrfen wir viele private Haushalte, Schulen, Kinderhorte, Firmen, Heime und Spit\u00e4ler mit frischen, regionalen Produkten begl\u00fccken.<\/p>\n\n\n\n<p>Gerne geben wir Auskunft unter Tel.\/Fax.: 071 298 32 60 oder sagerserwart@bluewin.ch<\/p>\n","protected":false},"excerpt":{"rendered":"<p>Wir leben am Rande Mostindiens in L\u00f6mmenschwil. Zusammen mit unserem Sohn Philipp, einer Hofladenmitarbeiterin, zwei Lernenden, und sechs saisonalen Mitarbeiter bewirtschaften wir einen vielseitigen Landwirtschaftsbetrieb. Philipp durfte die Lehre als Landwirt, sowie als Obstfachmann absolvieren und besucht zurzeit die Betriebsleiterschule. Ihm unterliegt der Betriebszweig Obstbau, welcher er mit viel Leidenschaft und Herzblut f\u00fchrt. Auf dem&nbsp;<\/p>\n<p><a class=\"btn btn-success btn-lg\" href=\"https:\/\/bauernmarkt-sg.ch\/?page_id=2586\">Continue Reading &rarr;<\/a><\/p>\n","protected":false},"author":1,"featured_media":0,"parent":0,"menu_order":0,"comment_status":"closed","ping_status":"closed","template":"","meta":{"footnotes":""},"class_list":["post-2586","page","type-page","status-publish","hentry"],"jetpack_sharing_enabled":true,"_links":{"self":[{"href":"https:\/\/bauernmarkt-sg.ch\/index.php?rest_route=\/wp\/v2\/pages\/2586","targetHints":{"allow":["GET"]}}],"collection":[{"href":"https:\/\/bauernmarkt-sg.ch\/index.php?rest_route=\/wp\/v2\/pages"}],"about":[{"href":"https:\/\/bauernmarkt-sg.ch\/index.php?rest_route=\/wp\/v2\/types\/page"}],"author":[{"embeddable":true,"href":"https:\/\/bauernmarkt-sg.ch\/index.php?rest_route=\/wp\/v2\/users\/1"}],"replies":[{"embeddable":true,"href":"https:\/\/bauernmarkt-sg.ch\/index.php?rest_route=%2Fwp%2Fv2%2Fcomments&post=2586"}],"version-history":[{"count":5,"href":"https:\/\/bauernmarkt-sg.ch\/index.php?rest_route=\/wp\/v2\/pages\/2586\/revisions"}],"predecessor-version":[{"id":4029,"href":"https:\/\/bauernmarkt-sg.ch\/index.php?rest_route=\/wp\/v2\/pages\/2586\/revisions\/4029"}],"wp:attachment":[{"href":"https:\/\/bauernmarkt-sg.ch\/index.php?rest_route=%2Fwp%2Fv2%2Fmedia&parent=2586"}],"curies":[{"name":"wp","href":"https:\/\/api.w.org\/{rel}","templated":true}]}}